30 and 10?
10
Calculate the highest common factor of 202759887 and 66.
33
What is the greatest common divisor of 54 and 98757162?
18
Calculate the highest common divisor of 4242 and 1260177.
303
What is the highest common divisor of 3024816 and 1142256?
2544
What is the greatest common factor of 16904 and 156505684?
8452
Calculate the greatest common factor of 67394 and 32519.
31
Calculate the highest common factor of 3902 and 9702323.
1951
What is the greatest common factor of 130200 and 70380912?
5208
Calculate the greatest common divisor of 38342271 and 3771.
1257
Calculate the greatest common divisor of 225782 and 28124.
158
Calculate the highest common factor of 11023567 and 2291.
29
What is the highest common factor of 5175 and 4638939?
69
Calculate the highest common divisor of 12450453 and 323.
19
What is the greatest common factor of 887700 and 2580?
60
Calculate the highest common factor of 18716 and 44740.
4
Calculate the greatest common factor of 41818020 and 295.
295
What is the greatest common divisor of 99 and 4100239?
11
Calculate the highest common divisor of 4955598 and 5580.
558
What is the highest common divisor of 49911472 and 1702?
46
Calculate the greatest common divisor of 676 and 143394134.
338
What is the highest common divisor of 440755609 and 23905?
4781
Calculate the greatest common divisor of 4121 and 147989231.
4121
What is the greatest common factor of 2692096 and 365431?
2629
What is the highest common divisor of 4573 and 355402?
17
Calculate the greatest common factor of 382 and 36100.
2
What is the greatest common factor of 10170 and 261180?
90
Calculate the highest common factor of 7045 and 109505.
5
Calculate the highest common divisor of 916 and 4201463.
229
What is the highest common divisor of 1599 and 523383081?
1599
Calculate the highest common factor of 35261 and 1776.
37
What is the greatest common divisor of 414669 and 191130?
831
Calculate the greatest common factor of 24174 and 8384.
2
Calculate the greatest common factor of 2400 and 85792650.
150
Calculate the highest common factor of 1660655 and 3781.
199
What is the highest common factor of 258317581 and 584?
73
What is the highest common factor of 520689 and 27650?
79
Calculate the highest common divisor of 423372 and 5076.
12
What is the greatest common divisor of 20 and 1201021?
1
Calculate the greatest common factor of 1258 and 6339358.
74
Calculate the greatest common factor of 149368 and 120184.
8
What is the highest common factor of 15535 and 487082?
239
Calculate the highest common divisor of 63 and 17721333.
63
Calculate the highest common factor of 3234 and 200937.
33
Calculate the greatest common factor of 1060349109 and 51.
51
Calculate the highest common factor of 1011895 and 69150.
2305
What is the highest common divisor of 246352 and 5663328?
2768
What is the highest common factor of 3520586 and 38?
38
What is the greatest common factor of 93792626 and 247?
19
What is the highest common factor of 6973444 and 3?
1
Calculate the greatest common factor of 124436 and 78364.
52
Calculate the greatest common divisor of 276 and 5104884.
12
Calculate the highest common divisor of 844 and 1918701492.
844
Calculate the greatest common factor of 191620855 and 249.
83
Calculate the highest common factor of 150 and 31911930.
30
What is the highest common divisor of 30 and 2414915?
5
Calculate the highest common divisor of 23946 and 34198572.
1842
Calculate the greatest common factor of 408 and 14346708.
204
Calculate the greatest common divisor of 336004 and 52.
4
Calculate the greatest common factor of 1211098 and 2068318.
2198
Calculate the highest common divisor of 2320906 and 462.
14
What is the greatest common divisor of 7363 and 241758?
37
What is the greatest common factor of 2365162198 and 1106?
1106
What is the highest common divisor of 56868 and 15822844?
2708
What is the greatest common divisor of 71209428 and 12?
12
Calculate the greatest common divisor of 26018128 and 80.
16
What is the highest common factor of 934 and 29251946?
934
Calculate the highest common factor of 7890470 and 196.
98
What is the highest common divisor of 36084 and 302622?
186
Calculate the highest common divisor of 3436919 and 2466.
137
Calculate the greatest common divisor of 744 and 33950808.
24
What is the greatest common divisor of 45 and 43279980?
15
What is the highest common divisor of 8254 and 11881633?
4127
Calculate the greatest common divisor of 29743536 and 544.
16
Calculate the highest common factor of 3084645759 and 69.
69
Calculate the greatest common divisor of 6056076 and 492.
12
Calculate the highest common factor of 264182 and 9424.
62
Calculate the greatest common divisor of 282 and 1071864.
6
What is the highest common factor of 99270277 and 2697?
899
What is the highest common divisor of 1743320130 and 20?
10
What is the highest common divisor of 32854 and 3818?
2
Calculate the greatest common divisor of 37327419 and 114.
57
What is the greatest common divisor of 210 and 8959890?
30
Calculate the greatest common factor of 12083792 and 9408.
784
What is the greatest common factor of 27 and 68533290?
27
What is the greatest common factor of 12953913 and 16485?
3297
Calculate the greatest common factor of 2793 and 2925164.
19
Calculate the highest common factor of 4080 and 1365712.
272
Calculate the highest common factor of 9216512 and 470.
94
What is the highest common factor of 789 and 779976996?
789
Calculate the highest common divisor of 2284990 and 22742.
166
What is the highest common divisor of 9706 and 15814?
2
Calculate the greatest common divisor of 367712 and 174992.
16
Calculate the highest common factor of 25 and 40283.
1
What is the greatest common factor of 1130679 and 48081?
1551
What is the highest common divisor of 468 and 29663972?
52
What is the greatest common factor of 5782 and 317066?
118
Calculate the greatest common factor of 6265 and 2127415.
895
What is the greatest common factor of 9927616 and 160?
32
What is the highest common factor of 335 and 62296868?
67
Calculate the highest common divisor of 193562915 and 217.
217
What is the greatest common divisor of 74 and 59397358?
74
What is the highest common divisor of 4496992 and 24208?
1424
Calculate the highest common factor of 3157749 and 315.
63
What is the highest common divisor of 68875112 and 2840?
568
Calculate the greatest common divisor of 2576815 and 755.
755
What is the greatest common divisor of 145050698 and 214?
214
What is the highest common divisor of 55836 and 2658884?
188
What is the highest common divisor of 384020946 and 36?
18
What is the highest common divisor of 12034 and 352154?
22
What is the greatest common divisor of 28592 and 428?
4
Calculate the greatest common factor of 14334217 and 1784.
223
What is the greatest common divisor of 27906 and 173748?
6
What is the greatest common factor of 68038488 and 222768?
8568
What is the greatest common factor of 19282 and 1204192?
622
What is the greatest common factor of 3081586 and 341?
31
Calculate the highest common divisor of 265 and 507720973.
53
Calculate the greatest common factor of 1068326 and 4186.
14
Calculate the highest common factor of 9180 and 59277555.
2295
Calculate the highest common factor of 759 and 241109.
253
Calculate the greatest common divisor of 6391704 and 249612.
4092
What is the highest common factor of 1344 and 9525754?
14
Calculate the greatest common divisor of 2350 and 1762755.
5
Calculate the highest common divisor of 15606 and 210207618.
5202
What is the greatest common factor of 78 and 161966220?
78
Calculate the greatest common divisor of 563594247 and 9.
9
What is the highest common factor of 107715 and 23547?
501
Calculate the highest common factor of 295718210 and 83.
83
Calculate the highest common factor of 277662 and 9768.
66
Calculate the highest common factor of 972 and 6385392.
324
Calculate the highest common factor of 671243133 and 8382.
4191
Calculate the highest common divisor of 1154660400 and 306.
306
Calculate the highest common divisor of 3459172860 and 8280.
4140
What is the highest common divisor of 49893894 and 438?
438
Calculate the greatest common divisor of 1410 and 6871776.
282
Calculate the greatest common factor of 10805 and 5